of 20 and s?
10
Suppose -6*l + 2*l = -200. Suppose -7*z + 10*z = 30. What is the highest common divisor of z and l?
10
Let p be 19 - ((-2 - -2) + 1). Let m be (0 + -1)/((-2)/(-4)). Let o be (6/(-5))/(m/15). Calculate the highest common factor of o and p.
9
Let a = -3 - -6. Let x be 12/(-8)*(-4)/3. What is the highest common factor of a and x?
1
Let z be (3/(-3))/(2/(-18)). Let v be (-160)/(-3) + (-4)/(-6). Calculate the highest common factor of z and v.
9
Suppose 2*i + 18 = 5*z, 4*z + 3*i - 17 = 2. What is the highest common divisor of 2 and z?
2
Let j = 2 + 19. Calculate the highest common factor of j and 7.
7
Suppose -f = -0*f + 6. Let h be 6/(-9) - 112/f. What is the greatest common factor of 6 and h?
6
Suppose 4*r = -3*k + 62, -r = -5*k + 20 + 68. Suppose -3*i + 77 + 43 = 3*z, -5*i = 25. What is the greatest common factor of z and k?
9
Let h be (-1)/((-1)/39) + 2. Let d = h + -17. What is the greatest common divisor of 3 and d?
3
Suppose -5*m = 2*i + 3 + 8, 10 = -2*m. Let h be i*4/8*2. What is the highest common factor of h and 14?
7
Let c = 28 + -7. Let a be (-4)/(-14) + 183/c. Let m be ((-120)/a)/(1/(-3)). What is the highest common divisor of 5 and m?
5
Let f(s) = 2*s**2 + 2*s - 1. Let l be f(-2). Suppose 4*n - l*n = 10. What is the greatest common divisor of n and 90?
10
Suppose -17 - 103 = -4*j. What is the highest common divisor of j and 270?
30
Let c(k) = -12*k - 1. Let r(y) = 18*y + 1. Let l(x) = 8*c(x) + 5*r(x). Let i be 0 + 1/(3/(-6)). Let g be l(i). Calculate the highest common divisor of 27 and g.
9
Suppose 0*j + j = 99. Let t(u) = 2*u**2 + 1. Let w be t(2). Calculate the greatest common divisor of w and j.
9
Let u = 137 + -82. Let g be 0/(-2) - 1 - -4. Suppose -54 = -3*b + g*a, -a = -6*a + 20. What is the greatest common factor of b and u?
11
Suppose 9*l - 10*l = -95. What is the greatest common factor of 38 and l?
19
Let c = -38 + 65. Let h be (-9)/(-2)*4*12. What is the highest common factor of h and c?
27
Suppose -4*g - f = -4*f - 620, 0 = 5*g - 2*f - 768. Calculate the highest common divisor of g and 19.
19
Let q = 15 - 29. Let z be 334/6 + q/21. What is the greatest common factor of z and 22?
11
Suppose -3*h + 5 = 2*h. Let z be (-4 + 2 + 11)/h. Suppose w + 2 = z. Calculate the greatest common divisor of w and 14.
7
Let x = -38 - -42. What is the greatest common factor of 16 and x?
4
Let u = 4 + -1. Suppose u*b = 6 - 0. Suppose 0*i = -2*y + b*i + 214, -5*i = 10. Calculate the greatest common divisor of y and 15.
15
Suppose 0 = 3*s - 2*b - 7, 2*s - 4*b = -2*s + 16. Let g(n) = -2*n**3 - 2*n**2 - 2*n - 1. Let q be g(s). Calculate the greatest common factor of 5 and q.
1
Suppose -3*x + 11 = 116. Let y = 19 - x. Calculate the greatest common divisor of y and 18.
18
Let j(t) = -2*t + 6*t + 4 + t**2 + 4 + 3*t. Let g be j(-7). What is the highest common divisor of 40 and g?
8
Let q(c) = c**2 + 4*c - 3. Let s be q(-4). Let t(n) be the first derivative of -n**2/2 - n + 1. Let a be t(s). What is the highest common divisor of a and 22?
2
Let i(u) = u**3 + 7*u**2 - 5. Let s be i(-5). Suppose 2*m - 37 = 23. Calculate the highest common factor of s and m.
15
Suppose 0 = -3*b + 90 + 45. Let r = -45 + 75. What is the highest common divisor of b and r?
15
Suppose 2*y - 4*y + 3 = w, -2*w = -3*y + 15. Let n(u) = u**2 + u - 2. Let b be n(w). What is the highest common factor of b and 44?
4
Let m(j) = -63*j + 1. Let h be m(1). Let n = 150 + h. What is the highest common factor of n and 11?
11
Suppose -16 = 4*a, -3*k + a - 6 = 2*k. Let l be 9/(-6)*k + 69. Calculate the highest common divisor of 8 and l.
8
Let p(d) be the third derivative of d**5/60 + d**4/8 - 7*d**3/6 - d**2. Suppose 4 = 3*m + 19. Let c be p(m). What is the highest common factor of c and 6?
3
Let l = 120 - 65. Let v be 10/l + (-64)/(-11). What is the highest common factor of 30 and v?
6
Suppose -15 - 9 = -2*f. Let t(j) = -j + 1. Let l be t(2). Let y be 36 + 0*l/1. What is the highest common divisor of y and f?
12
Let s(b) = -2*b + 5. Let j be s(4). Let q(f) = f**2 + f - 2. Let z be q(j). Let w = z - -2. What is the greatest common divisor of w and 42?
6
Let g(d) = d**2 + 4*d + 2. Let i be g(-3). Let k be ((-7)/2*2)/i. What is the greatest common factor of 49 and k?
7
Suppose 12 = 3*w + j, 4*w - 17 = -j - 1. What is the greatest common divisor of 36 and w?
4
Suppose -2*f + 20 = n, n = 4*f + 1 + 37. Calculate the highest common divisor of n and 65.
13
Suppose -2*z + 46 = 4. Let b = 507 - 339. Calculate the highest common divisor of b and z.
21
Suppose 5*j + 2*o - 108 = -2*o, 3*j + o = 62. What is the greatest common divisor of 180 and j?
20
Let s(j) = -j**2 - j + 8. Let g be s(0). Let z = 32 + -24. Suppose 2*q - z = -4. What is the greatest common divisor of q and g?
2
Suppose 3*w + 2*w = 4*x + 108, -18 = -w - x. What is the highest common factor of w and 140?
20
Suppose -3*z + f + 280 = -3*f, -z = -4*f - 104. What is the highest common divisor of 16 and z?
8
Let c = -40 + 63. Calculate the highest common factor of 46 and c.
23
Let z = 39 - 34. Calculate the highest common factor of z and 5.
5
Let t be ((-4)/8)/(1/(-26)). Let x = 368 + -225. Calculate the highest common divisor of x and t.
13
Let i be -1 + -2 + (-8)/(-1). Suppose -i*x + 16 = -69. What is the greatest common divisor of x and 68?
17
Suppose 3*n = -11 + 47. Calculate the highest common factor of 84 and n.
12
Let k(b) = 7*b**2 + 28*b - 6. Let a be k(-6). What is the highest common divisor of a and 13?
13
Let f be (-4 + 2)/(3/6). Let s be f/(-6) - 26/(-6). Calculate the greatest common divisor of 20 and s.
5
Let r(p) = 42*p + 16. Let c be r(13). Suppose 1 = -g, g + c = 5*d - g. What is the highest common divisor of 14 and d?
14
Suppose -4*b - 16 = 12. Let y = b - -9. Let l be -4*(1 + 9/(-6)). What is the highest common factor of l and y?
2
Suppose -5*f = 3*b + 636, -378 = 4*f - 5*b + 116. Let s be (7 - 3)*f/(-4). What is the greatest common divisor of 14 and s?
14
Let g(q) = -4*q**3 - 2*q**2 - 4. Let l be g(-2). Calculate the greatest common factor of 4 and l.
4
Suppose -23 = -u - 4*u + 4*t, 3*u + 5*t = -1. What is the highest common divisor of u and 33?
3
Suppose h = -2*h + 21. Let d be (-4)/14 + 506/h. What is the greatest common divisor of 8 and d?
8
Let c be -2 + (-1)/(3/(-6)). Let g = c + 5. Suppose 0*s = g*n + s - 455, 0 = 2*n - s - 175. Calculate the greatest common divisor of n and 18.
18
Let n be 504/(-49) + (-2)/(-7). Let b = -7 - n. What is the greatest common factor of 1 and b?
1
Let m be -1 - ((0 - 2) + 4) - -9. What is the greatest common divisor of m and 10?
2
Let r be (-366)/(-7) - 4/14. Let k(o) = -o - 1. Let m be k(-2). Suppose 4*n - m = 51. What is the greatest common divisor of r and n?
13
Let v be (3 - (-1 - -3))*5. Suppose 0 = 4*l - v*o - 38, 5*l + 27 = 5*o + 72. Calculate the highest common factor of 77 and l.
7
Suppose 0 = -4*i + 3*r + 23, -i - 5*r = 7 + 16. Suppose 2 = i*d + 14. Let h = 22 + d. Calculate the highest common divisor of h and 176.
16
Suppose 5*j + 4*h = 31, 4*h + 38 = 5*j + h. Suppose 4*q = 2*t - 22, -17 = -2*q + q + 5*t. Let b = -7 - q. Calculate the highest common divisor of j and b.
1
Suppose -5*c = a - 103, 4*c - 52 = 2*c - 4*a. Suppose 166 = 5*b + 876. Let q = -92 - b. What is the greatest common factor of q and c?
10
Let v = -27 + 82. What is the highest common divisor of 22 and v?
11
Suppose 4*x + i = 171 - 46, -20 = -x + 2*i. What is the greatest common divisor of 6 and x?
6
Let g(n) = -n**2 + 7*n + 4. Let h be g(5). Calculate the highest common divisor of 7 and h.
7
Let b = -176 - -297. Suppose -7*q = 20 - 97. What is the greatest common factor of b and q?
11
Let k(w) = -w - 4. Let x be k(2). Let p = 19 + x. Let y = 42 - -75. Calculate the greatest common divisor of y and p.
13
Let s be -2*(-26)/(-8)*(-8)/1. What is the highest common divisor of 13 and s?
13
Let h(o) = 13 + o**3 - 6 + 2*o - 5*o**2 - o. Let k(v) = -v**2 + 12*v - 5. Let i be k(11). Let d be h(i). What is the highest common factor of d and 7?
7
Suppose 9 = -3*a + 87. What is the highest common divisor of 39 and a?
13
Let r = -41 - -96. Calculate the highest common divisor of 5 and r.
5
Suppose 0 = 5*d, 6*r - 2*r + d - 56 = 0. Suppose 2*a + 450 = 4*f, -3*f + 3*a + 337 = 2*a. What is the greatest common d